 factor of m?
False
Let x be (-1 - -2)/((-4)/(-8)). Suppose -3*h + 0*b - 4 = 4*b, -24 = -x*h + 4*b. Suppose j + 34 = 3*n, 0 = h*n + 3*j + 23 - 77. Is n a multiple of 6?
True
Suppose -f - 212 = -3*t - 6*f, 3*t + 4*f = 208. Is 7 a factor of t?
False
Suppose 83 = -p + 4*d, 2*d + 6 + 215 = -3*p. Let j = -51 - p. Is 24 a factor of j?
True
Suppose 4*v - 14 = 2*k - 3*k, 0 = 5*v - 5. Is 2 a factor of k?
True
Let v(g) = -10*g**3 - 1. Let l be v(-1). Let t = l - 7. Is 1/3*(t + 136) a multiple of 23?
True
Let f(u) = 3*u + 5. Suppose -4*x - 2 = -18. Is 10 a factor of f(x)?
False
Let h(u) = -2*u + 7. Does 7 divide h(0)?
True
Let p = 10 + -5. Suppose -h = j - 14, 4*j - 72 = -p*h - 0*j. Does 12 divide h?
False
Let r(h) = -2*h - 7. Let j(l) = 4 + 3 + 4*l - 5. Let g be j(-2). Is 2 a factor of r(g)?
False
Let q(m) = m + 1. Let o be q(3). Suppose 10 - 90 = -o*z. Suppose r - 2*t - z - 20 = 0, 3*r - 3*t = 135. Does 20 divide r?
False
Let d(h) = -2*h + 0*h**2 - 6 + 5*h + h**2. Is d(4) a multiple of 9?
False
Let t be ((-105)/20)/(2/(-8)). Suppose 0*h + 3*h = t. Is 6 a factor of h?
False
Does 3 divide (86 + 0)*(-1)/12*-6?
False
Let j(a) = -a**3 + 11*a**2 + 9. Let r be j(11). Suppose 3*n - 29 = 2*l, n - 2*l - r - 6 = 0. Does 7 divide n?
True
Suppose 0 = 13*x - 9*x - 60. Is x a multiple of 2?
False
Is (61 - 1/(-1))/2 a multiple of 4?
False
Let t(f) = f**3 - 2*f**3 - f**2 - 3 + 4. Suppose 5*s = -4 - 6. Is t(s) a multiple of 3?
False
Let u(n) = -14*n**3 + 2*n**2 + 2*n + 1. Does 8 divide u(-2)?
False
Is 708/32 - 4/32 a multiple of 4?
False
Suppose -5*f + 39 = 3*d, -3 = -f + 2*f - 3*d. Suppose 0 = -3*y + f*y - 144. Is 20 a factor of y?
False
Suppose -o + 90 = -16. Does 11 divide (o/8 - 2)*4?
False
Suppose -5*n = -5, -4*n - 41 = -2*r - 3*n. Suppose 1 = 2*s - 3*d - 2, 0 = 3*s + 4*d + r. Is ((-1)/s)/(2/12) even?
True
Let c(t) = -t**3 - 4*t**2 - t - 2. Suppose 3*z + 5*p = -0*p - 27, 4*p = -5*z - 32. Let y be c(z). Suppose 0 = b - 9 + y. Is b a multiple of 4?
False
Suppose 9 = c + 3. Let h(n) = -n**3 + 6*n**2 + 3*n + 5. Let y be h(c). Suppose 0*l - y = -l. Is l a multiple of 12?
False
Let w(u) = -2*u - 2. Let n be w(-2). Suppose -120 = -2*v - n*v. Suppose -114 = -3*j - v. Is 14 a factor of j?
True
Is 9 a factor of (-1 + -2)/((-12)/72)?
True
Let g be 1/4 + (-63)/(-4). Suppose -g = -4*t - 0. Is t a multiple of 2?
True
Does 18 divide 2/(-13) - 4214/(-13)?
True
Suppose 0 = 2*l - 2*t + 5*t + 101, 2*t = 2. Let p = l + 108. Does 14 divide p?
True
Suppose -39 = 4*h + 17. Let y = h + 30. Is y a multiple of 5?
False
Let l = 32 - 21. Let p = 1 + l. Does 2 divide (-5)/((-45)/p)*3?
True
Let n = 83 + -73. Is 5 a factor of n?
True
Let n(u) = 2*u**2 + u + 160. Is 16 a factor of n(0)?
True
Let z(b) be the first derivative of -b**3/3 - 13*b**2/2 - 12*b - 2. Is 9 a factor of z(-10)?
True
Let i(n) = -7*n**3 + 19*n**2 + 17*n. Let a(j) = -3*j**3 + 9*j**2 + 9*j. Let q(s) = 5*a(s) - 2*i(s). Does 16 divide q(8)?
False
Let z(b) = b**3 + 6*b**2 - 3*b - 7. Does 5 divide z(-5)?
False
Let f(i) = 2*i**2 - 10*i + 26. Does 27 divide f(6)?
False
Suppose 0 = u + u - 8, -2*u + 6 = r. Let f be (2/(-3))/(r/(-12)). Let q(z) = -7*z - 6. Does 11 divide q(f)?
True
Let t(x) = x**3 + 7*x**2 + 5*x + 2. Let w = -8 - -4. Let b be t(w). Let j = -18 + b. Is 12 a factor of j?
True
Let g(a) = -a**3 - 4*a**2 - 5*a + 12. Is g(-6) a multiple of 6?
True
Let k(g) = -g**3 + 8*g**2 + g - 11. Let d be k(8). Let u be 0*d/(-6) - -6. Is 2 a factor of (-1 - u/3)*-1?
False
Let y(z) = z**2 + 4. Let q be y(0). Is 318/27 + q/18 a multiple of 12?
True
Suppose 4*c - 133 = -5*r, -c - 3*c = -4*r - 88. Let k = c + -102. Does 17 divide k/(-3) - (2 - 0)?
False
Let q = -21 - -13. Let y = 8 + q. Let r = 7 - y. Is r a multiple of 2?
False
Let h(r) = -4*r - 1. Let q(s) = -4*s - 1. Let x(b) = -5*h(b) + 6*q(b). Let j be x(1). Is (-77)/j + (-4)/10 a multiple of 15?
True
Does 30 divide (-90)/((45/(-12))/5)?
True
Let x(l) = -l**2 - 2*l + 6. Let t(w) = -2*w**2 - 4*w + 13. Let n(b) = 2*t(b) - 5*x(b). Is 11 a factor of n(6)?
True
Let a(g) = g - 1. Let j be a(1). Let o(v) = 0*v**2 + 3*v + 3*v**2 + j*v**2. Does 6 divide o(-2)?
True
Let j(c) = 6*c**2. Is 24 a factor of j(-2)?
True
Let w(x) = 0*x - x**3 - 11*x**2 + 2*x - 5*x. Does 12 divide w(-11)?
False
Suppose -285 - 339 = -4*t. Let b = t + -98. Suppose -q + 2*c - b = -5*q, 0 = 3*c - 9. Does 13 divide q?
True
Let i be 18/2*8/12. Let a(c) = -c**2 + 7*c - 4. Let b be a(i). Suppose -4*x - b*h = -140, -5*h + 17 = 3*x - 2*x. Is x a multiple of 15?
False
Let y be 1 - 3 - 2*-1. Suppose n = -y + 3. Suppose -n*v + 0*v = -42. Does 7 divide v?
True
Let t(o) be the first derivative of -3*o**2/2 + 2*o + 7. Suppose i = -1 - 5. Is t(i) a multiple of 20?
True
Let d be (-194)/(-22) + 4/22. Suppose 2*w - 10 = -5*a, -3*w + d = 3*a - 6. Is w a multiple of 3?
False
Is (135/10)/((-3)/(-8)) a multiple of 36?
True
Suppose -4*r - 15 = -r, 0 = 5*v + 3*r + 345. Is (-2 - -2) + v/(-3) a multiple of 6?
False
Let n(a) = 5*a**3 - 20*a**2 + 14*a + 14. Let s(y) = 2*y**3 - 7*y**2 + 5*y + 5. Let x(w) = -6*n(w) + 17*s(w). Does 13 divide x(2)?
True
Let c be 0*(0/(-1) + -1). Suppose d - 2*k + 8 = 0, -11*k + 29 = 2*d - 6*k. Suppose 0 = 5*j + 10, -3*j + d = s - c*s. Is s a multiple of 4?
True
Let w = -133 + 218. Is w a multiple of 20?
False
Suppose 2*u = 2*d - 5 + 1, 0 = -5*u + 4*d - 5. Let n(a) = -a**3 + 4*a**2 - a + 3. Is 6 a factor of n(u)?
False
Let g(v) = -v**2 + 7. Let b(u) = -2*u**2 + 8. Let p(q) = -2*b(q) + 3*g(q). Let z be (-1)/4 + (-2)/(-8). Is 2 a factor of p(z)?
False
Let g = 47 - -36. Suppose 3*w + 0*w = -4*d + 465, 3*d = -3*w + 345. Let r = d - g. Does 13 divide r?
False
Let s = 2 + -4. Let t be 0 - ((-4)/s)/(-1). Suppose 0 = -2*x - 4*f + 28, 0*x + t*x = -f + 40. Is x a multiple of 10?
False
Suppose -3*z = s - 6, 0 = 5*z - 0 - 5. Let i = 6 - 4. Suppose -i*h = s*c - 21, 0*h = h + 4*c - 18. Is 3 a factor of h?
True
Let m = -11 - -2. Let b be m/6 + (-22)/(-4). Suppose -j = i - b*i - 23, 2*j = -i + 60. Is j a multiple of 13?
False
Let d = 14 + 15. Is d a multiple of 29?
True
Let w = -2 + 34. Is w a multiple of 4?
True
Does 28 divide 24 + 0 - (-22 - -18)?
True
Let d(k) = 3*k**2 + 5*k. Does 7 divide d(-4)?
True
Let d = 105 + -40. Let r = d - 45. Is r a multiple of 20?
True
Suppose 3*s - 35 = 91. Does 21 divide s?
True
Is 12 a factor of (-1)/((-6)/792) - -5?
False
Suppose l + l - 12 = -4*d, 3 = -d. Is 12 a factor of (152/l)/(2/6)?
False
Let i(f) = 2*f**2 - 4*f + 5. Is 20 a factor of i(7)?
False
Is 9 a factor of 100/8*4/5 + 3?
False
Let n(w) = -12*w - 4. Let z be n(-3). Suppose 2*h = 4*j - z, 0 = -5*j - 0*h + h + 34. Is 2 a factor of j?
True
Let n be (9/(-6))/(3/(-4)). Suppose -2*s = 2*p - 19 - 11, n*s - p - 27 = 0. Is s a multiple of 10?
False
Suppose 5*m - 102 = 198. Is m a multiple of 15?
True
Let p = -102 - -153. Is 17 a factor of p?
True
Let h = -17 + 17. Suppose 2*v + 3*d - 78 = h, 5*v - d + 9 = 238. Is v a multiple of 10?
False
Suppose -5*t + 10*t = -30. Let r be (3/2)/(3/t). Let l(m) = 5*m**2 + 3*m - 3. Does 13 divide l(r)?
False
Suppose -4*n = s + 16, 5*n = s - 28 + 8. Let q be 3/9 + 178/6. Suppose -4*l + q + 30 = s. Is 15 a factor of l?
True
Does 56 divide ((-49)/3)/(10/(-60))?
False
Suppose -4*f + 32 = s, 3*s - 3*f + 5*f = 76. Is s a multiple of 7?
False
Let b be ((-15)/(-6) - 2)*2. Is 11 a factor of b/((1/38)/1)?
False
Suppose -5 = 5*r, 3*g = 5*g - 3*r + 597. Is ((-3)/(-2))/((-9)/g) a multiple of 17?
False
Suppose -8*d + 295 = -3*d. Is d a multiple of 26?
False
Does 10 divide 2/8 - 141/(-12)?
False
Let c(s) = -s**2 - 6*s + 3. Let q be c(-6). Suppose 0*f - f + q = 0. Is 38/(f - 1) + -2 a multiple of 17?
True
Let x = -16 + 14. Is 26 a factor of 49 - (x*3 + 3)?
True
Suppose -7*k + 188 = -148. Does 3 divide k?
True
Suppose 0 = -2*z - 5 + 15. Let y(v) = v**3 + 4*v**2 + 2*v - 1. Let x be y(-3). Suppose 21 = z*s + 3*t - 39, x*t + 12 = s. Is s a multiple of 9?
False
Suppose 108 = f + 16. Suppose -3*i + f = -37. Is i a multiple of 19?
False
Let y(a) = 40*a**2 - a - 1. Let j be y(-1). Is ((-14)/(-8))/(5/j) a multiple of 7?
True
Suppose 0 = -2*m - 3*n + 2*n + 63, -2*n + 6 = 0. Does 6 divide m?
True
Let r = -68 + 303. Does 11 divide r?
False
Suppose -2*h + 3*c + 18 = h, 3*h - 4*c - 16 = 0. Let i(z) = 0*z**3 - z**3 + h*z**2 + z + 2*z**3 + 11. I